 1. Let g be v(14). Let h be k(g). Let n(x) = -x**3 + 6*x**2 + 3*x - 3. What is the tens digit of n(h)?
1
Suppose 5024 = 23*j - 14135. What is the hundreds digit of j?
8
Let q(y) = -261*y + 7. What is the hundreds digit of q(-3)?
7
Let k(u) = u**3 - 6*u**2 + 6*u. Let f be k(5). Suppose -9*a + 196 = -f*a. Let z = a + 6. What is the units digit of z?
5
Let l be 340/40 - 2/4. What is the units digit of 80/6*3*26/l?
0
Let h = -1104 - -2550. What is the tens digit of h?
4
Suppose 4*a + 5*m = 705, a + 3*m - 26 = 145. What is the hundreds digit of a?
1
What is the tens digit of -4 + 7/(63/558)?
5
Let r = 55 - 49. Suppose 413 = 4*m - 3*n, -m + 4*n = -r*m + 493. What is the tens digit of m?
0
What is the units digit of 890/(-2 - -4) + 4/(-2)?
3
Let a(x) = x**3 + 14*x**2 + 6. Let j be a(-14). Let p = j - 2. Suppose 3*b = 2*d - 0*d - 43, -d + p*b = -14. What is the tens digit of d?
2
Let x be -1 - (11 + 8/4). What is the hundreds digit of (4 - (x/(-8) + 0))*60?
1
Let i(s) = s**3 + 6*s**2 + 8*s - 1. Let x be i(-4). Let c be 9 - 1*(3 - x). Suppose 2*z - 110 = -c*l, -5*l - 2*z = -3*z - 110. What is the units digit of l?
2
Let o = -461 - -595. What is the tens digit of o?
3
Let p(a) = 2*a**2 - 6*a**3 + 108 + a + 60 + 5*a**3 - 2*a. Let f be p(0). What is the units digit of (2/(-4))/((-2)/f)?
2
Suppose -7*u - 18 = -8*u. Let p = 14 - u. Let b = p - -12. What is the units digit of b?
8
Let c(z) = -z**3 + 20*z**2 + 19*z - 83. What is the hundreds digit of c(20)?
2
Let a(k) = 6*k - 29. Let g be 3/((-56)/20 + 2 + 1). What is the units digit of a(g)?
1
Let k = 1103 + -248. What is the units digit of k?
5
Let r(k) = -2*k**2 - 8*k + 7. Let z be r(-5). What is the units digit of (z + 26/(-6))*(-6)/4?
1
Let q(c) = -3*c + 6. Let s(x) = -32*x + 66. Let g(b) = -68*q(b) + 6*s(b). What is the hundreds digit of g(10)?
1
Suppose 0 = -4*b - 95 + 3555. What is the tens digit of b?
6
Suppose -5*v = y, -3*y + 3*v + 56 = 2*y. Let i = y - 4. Suppose -i + 2 = -4*s. What is the units digit of s?
1
What is the units digit of 3*(5899/(-68))/((-6)/8)?
7
Let s(n) = 1403*n**2 - 14*n - 13. What is the thousands digit of s(-1)?
1
What is the tens digit of (-1550)/(-4) - (-12)/(-8)?
8
What is the tens digit of 1/6 + (-42559)/(-66)?
4
Let q = 126 - 126. Suppose w - 11*w + 250 = q. What is the tens digit of w?
2
Let j(u) = u**3 + 24*u**2 + 37*u + 90. What is the hundreds digit of j(-22)?
2
Let t be 0 - 3*(-12)/9. Suppose -92 = -t*k + 4*c, 2*c - 62 = -k - k. Let n = -10 + k. What is the units digit of n?
7
Suppose 3*x = -0*x + 1071. Suppose 0*w + 4*r + 292 = 4*w, -x = -5*w + 3*r. What is the tens digit of w?
6
Let j = -107 + 595. What is the tens digit of j?
8
Let m(b) = -b**2 - 17*b + 8. Let j be m(-16). Let y = j + -33. Let o(f) = -f**3 - 9*f**2 - f - 2. What is the units digit of o(y)?
7
Let s(z) = -33*z**3 + 4*z**2 + z - 3. Let k be s(-2). Let c = -175 + k. What is the hundreds digit of c?
1
Suppose 0 = -11*i + 6*i + 45. What is the tens digit of (-381)/(-12) - i/(-36)?
3
Let z(t) = -t**2 + 13*t + 1. Let q be z(9). Suppose 44 + q = 2*o - 5*r, -3*o - r = -164. Suppose 6*c = o + 163. What is the units digit of c?
6
Let u = -183 + 238. What is the tens digit of u?
5
Let o = 21 - 16. Suppose o*n - 3*w - 45 = 0, 0 = 2*n - 5*w + 2 - 1. What is the tens digit of n?
1
Suppose -3*q = -5*q - 696. Let c = 150 + q. What is the tens digit of c/8*(-24)/9?
6
Let d be (0 + (-2)/(-5))*10. Let u = 2 - 1. What is the tens digit of 20/(-3)*(u - d)?
2
Let i = 64 + -62. Suppose t - 330 = -i*t. What is the units digit of t?
0
Let q(u) = -u**2 - 18*u - 3. Let g be q(-18). What is the units digit of (g + (0 - 16))*-11?
9
Suppose -n - 3*x - 52 = 0, 4*x + 293 = -5*n - 0*x. Let b = -19 - n. What is the units digit of b?
2
Let u(q) = -3*q - 4. Let n = -18 - -14. What is the units digit of u(n)?
8
Let i(y) = y**3 - y**2 + 3*y + 3. Let k be i(-4). Let r = 59 + k. Let g = r + 50. What is the units digit of g?
0
Suppose 0 = -5*b, 2*c + 44*b - 43*b - 4858 = 0. What is the hundreds digit of c?
4
Let n(d) = 5*d**2 - 2*d. Let p be n(3). Suppose p = t - 33. Suppose 0 = -3*l + l + t. What is the units digit of l?
6
Suppose 3*f - 37 = 2123. What is the units digit of f?
0
Let y(q) = q**2 - q - 13. Let f be y(13). Let t = f + -95. What is the tens digit of t?
4
Suppose 7*m = 24477 - 3631. What is the thousands digit of m?
2
Suppose -93*w + 89*w - 5*p + 11838 = 0, 2*w + 2*p = 5920. What is the thousands digit of w?
2
Let q = -360 + 371. Let k be -1 - (0/1 + -1). Suppose -7*y + q*y - 4 = k. What is the units digit of y?
1
Suppose -12*a + 15*a = -108. Let n = a + 176. What is the units digit of n?
0
Let h be (-6 - -4)*(-3 + 2). Suppose -k - h = -2*k. Suppose -4*z - z - b + 40 = 0, 0 = k*b + 10. What is the units digit of z?
9
Let k be (-2 + 0)*(5 - 3). Let n be (-142)/k + 13/(-26). What is the units digit of n/2*8/4?
5
Let y be (12/18)/(4/150). Let v = y + -20. Suppose 3*g + 5*c = 2*c + 204, g - v*c - 50 = 0. What is the units digit of g?
5
Let n(h) = -2*h**3 - 7*h**2 + 7*h + 2. What is the units digit of n(-8)?
2
Suppose 16823 = -36*c + 53507. What is the thousands digit of c?
1
Suppose 0 = -6*x + 741 + 1353. What is the tens digit of x?
4
Let q(b) = -b**3 + 2*b**2 + b - 2. Let h(m) = -m**3 + 2*m**2 - 3. Let n(i) = -5*h(i) + 6*q(i). What is the tens digit of n(-4)?
7
Let u = 104 + -64. Suppose -y = -0*s - 2*s + u, 3*s = 3*y + 60. Suppose i = 2*i - s. What is the tens digit of i?
2
Let y(m) = 3*m + 3. Let r be y(-2). Let l(s) = 2*s + 7*s**3 - 5 - 9*s**3 + 8. What is the units digit of l(r)?
1
Let s(z) = z + 18. Let t be s(-9). What is the units digit of -6*((-42)/t)/7?
4
Let n = 164 + -11. Suppose 4*s - 744 = -4*r, 0 = -2*s + 2*r - n + 505. What is the tens digit of s?
8
Suppose 3*d = 3*r + 18, d + 2*d - 5*r - 24 = 0. Let h be ((-2)/d)/((-1)/90). Let v = -41 + h. What is the units digit of v?
9
Let x(r) = r. Let i(t) = -5*t - 56. Let v(k) = -i(k) - 4*x(k). Suppose 2*d + 2*d = 0. What is the units digit of v(d)?
6
Suppose -o + 12 = 2*o. Suppose -3*k - 2 = o, -186 = -5*b - 2*k. What is the tens digit of b?
3
Let z be 890/15 - (-3)/(-9). Suppose -3*v + 85 = 4*s, 2*v - s = -6*s + z. What is the tens digit of v?
2
What is the tens digit of 3*(-30)/18 - -380?
7
Suppose 0 = -4*j + 5*s + 1031, 0*j = 2*j + s - 505. What is the hundreds digit of j?
2
Let a(w) = 3*w**2 - 7*w + 5. Let i be a(2). Suppose -i*d + 430 = 133. What is the tens digit of d?
9
Let z = -3 - -9. Suppose -z*y = -2*y - 16. What is the units digit of 3/((24/y)/2)?
1
Suppose -4*w - 27*q + 24*q = -15707, -3*q + 7849 = 2*w. What is the units digit of w?
9
Let i(p) = -p**3 + 2*p**2 + 12*p + 40. What is the units digit of i(-13)?
9
Let w be (8/(-10))/((-52)/10 + 5). Suppose -2*j = -w*j + 352. What is the hundreds digit of j?
1
Let f = -138 - -141. Suppose -668 = -f*z + 2*r, -2*z + 4*r - 8*r + 440 = 0. What is the tens digit of z?
2
What is the hundreds digit of 4/(-18) - -1947*10/135?
1
Let s(u) = -32*u**2 - u + 1. Let x be s(1). Let o = 71 + x. What is the units digit of o?
9
Let p = 61 + 21. Suppose 0 = -a + p + 148. Suppose -5*g = -6*f + f - a, -4*f = -12. What is the tens digit of g?
4
Suppose -2*a = -842 - 2804. What is the hundreds digit of a?
8
Suppose 4 = 4*x - 4*f, 5*f + 30 - 9 = -3*x. What is the units digit of (x*10)/5 - -22?
8
Suppose -4 = 5*l + 6. What is the tens digit of 114/((-8)/l + -2)?
5
Let s(d) = -2*d**3 + 15*d**2 + 44*d + 3. What is the units digit of s(-5)?
8
Let g be (4/(-8))/((-1)/(-2)). What is the units digit of 206/4 - g/(-2)?
1
Let d(m) = 46*m**2 - 22*m - 11. What is the tens digit of d(-5)?
4
Let f = 2 - 22. Let k be ((-18)/2)/(30/f). Let a = k - -56. What is the units digit of a?
2
Let p = 0 + 0. Let l be p - (-2 + -1*9). Let k = 34 - l. What is the units digit of k?
3
Suppose 0 = -6*x - 10 - 2. What is the units digit of (x/(-6))/((-3)/(-171))?
9
Suppose u - 2*u = -102. Suppose -4*z - 2*k = -186, -5*k + 3*k = -2*z + u. What is the units digit of z?
8
Let w(p) = -p - 3. Let z be w(-6). Suppose c = 2*i - z + 6, -2*c - 3*i = -6. Suppose c*j - 17 = -3*b - 5, 4*j = 3*b + 9. What is the units digit of b?
1
Let s be ((30/4)/(-1))/(3/(-18)). What is the units digit of (-15)/(21/(-10) - (-27)/s)?
0
Suppose 0 = 2*x - 0*o + o + 448, 468 = -2*x + 4*o. Let n